. List the prime factors of t.
3, 5
Suppose 5*r + 20 = 0, 7*y - 2*y - 3*r - 212 = 0. Suppose 16*g - y = 11*g. Let z = 55 - g. What are the prime factors of z?
47
Let s be 1/5 - (-691)/(-5). Let b = -72 - s. List the prime factors of b.
2, 3, 11
Let v = -3383 + 7473. List the prime factors of v.
2, 5, 409
Let a = 814 - 15. What are the prime factors of a?
17, 47
Let t(a) = -3*a - 10. Let y be t(-7). Suppose y*c - 5*c - 918 = 0. What are the prime factors of c?
3, 17
Let g(p) = 2*p. Let x be g(1). Suppose 0*h = -x*h + 104. What are the prime factors of h?
2, 13
Let q = 1700 + -194. List the prime factors of q.
2, 3, 251
Suppose -5*i + 30 = 3*v, 2*i - 5*i = 5*v - 50. Let w = 12 - v. List the prime factors of 2*((-76)/(-8) - w).
3, 5
Suppose -7*t = 316 - 3326. What are the prime factors of t?
2, 5, 43
Let m = 726 - -67. What are the prime factors of m?
13, 61
Suppose 24*p + 612 = 25*p. What are the prime factors of p?
2, 3, 17
Suppose -5*u + 3 = -12. Suppose -u*p - h + 187 = -0*p, -h = 2*p - 123. What are the prime factors of p?
2
Let c be 3 - (3/(-1) - -2). Suppose -2*g + c = -g. Suppose g*m - 100 = 3*s, -4*m - 3*s + 80 = -s. List the prime factors of m.
2, 11
Let r = 2740 + 725. What are the prime factors of r?
3, 5, 7, 11
Suppose 4 = 14*f - 12*f. Suppose -n - 105 = -f*t, -3*t - t = 4*n - 204. List the prime factors of t.
2, 13
Let g be 2 + -5 + 3 - -1 - -5. Suppose -g*c + 4*c = -86. List the prime factors of c.
43
Let w = 8 - 11. Let k(r) = -r. Let j(s) = -s - 1. Let v(i) = 3*j(i) + k(i). List the prime factors of v(w).
3
Let o = -1315 + 3649. What are the prime factors of o?
2, 3, 389
Let g be 5/25 + (-736)/(-20). Suppose v + r = 29, 0*v - g = -v - 3*r. List the prime factors of v.
5
Suppose -11 = -j + 2*s, -5*s + 11 - 28 = j. Let y(w) = -w**3 + 5*w**2 - 3*w - 2. Let m be y(j). Suppose -56 = m*b - 11*b. What are the prime factors of b?
2, 7
Let u(k) = 282*k**3 + 4*k**2 - 2*k - 1. What are the prime factors of u(1)?
283
Let s be 42/4 + (-2)/(-4). Suppose -r + 0*r + s = 0. Suppose 0 = -13*x + r*x + 88. List the prime factors of x.
2, 11
Let h(m) = -m**3 + 2*m**2 + 3*m + 2. Let p be h(-2). Suppose 0 = -2*q - p*q + 1988. What are the prime factors of q?
2, 71
Let g = -23 - -31. Let c = g + -18. What are the prime factors of (-12)/30 + (-114)/c?
11
Let f(v) = -58*v**3. Let i be (-4)/3 - 1/(-3). List the prime factors of f(i).
2, 29
Suppose 3*a = 3*w + 66 - 258, -w = -5*a - 64. Let q = w + -44. List the prime factors of q.
2, 5
Let x(r) = 8*r - 22. Suppose -y + 0 + 8 = 0. What are the prime factors of x(y)?
2, 3, 7
Let o(u) be the third derivative of 113*u**4/24 - 5*u**3/2 + 18*u**2. What are the prime factors of o(2)?
211
Suppose 0 = 3*f - 12, -39*f = -2*x - 38*f + 438. List the prime factors of x.
13, 17
List the prime factors of 2248 - 3 - (0 + 2 + 1).
2, 19, 59
Let i = 490 - -219. List the prime factors of i.
709
Let d(j) = -5*j**3 + 3*j**2 + 28*j - 7. List the prime factors of d(-6).
1013
Let s(y) = y**3 - 22*y**2 + 22*y - 14. Let c be s(21). What are the prime factors of 562/c + (-6)/105*5?
2, 5
Let u = 2411 + -1374. What are the prime factors of u?
17, 61
Suppose -6*i + 370 + 1280 = 0. What are the prime factors of i?
5, 11
Let h(r) = r**2 - r + 4. Let z be 25/10*(-3 + 5). Let q be h(z). What are the prime factors of q - 2/2 - 1?
2, 11
Suppose -5*r - 4*r + 117 = 0. List the prime factors of r.
13
Let v(d) = -d**2 + 2*d**2 - 28*d**3 + 0*d**2 + d. Suppose -3*q + n = -1, q - 5*n - 12 = 7. What are the prime factors of v(q)?
2, 7
Suppose -19*d + 17*d = -366. Suppose d = 3*r - 0*r. What are the prime factors of r?
61
Suppose 2*f = 3*f - 89. Suppose -61 = -3*w + f. Suppose 3*n = -5*d + 42, 0*n + 2*n - 4*d = w. What are the prime factors of n?
19
What are the prime factors of ((-1948)/(-6))/((-4)/(-6))?
487
Let p = 565 + -273. List the prime factors of p.
2, 73
Suppose -4*n = -q - 3*q - 36, 5*q = 2*n - 30. Suppose -n*u + 227 = 2*o, 8*u = 2*o + 3*u - 177. List the prime factors of o.
101
Suppose -4 = -2*h + 8. What are the prime factors of h/4 + 279/6?
2, 3
Suppose 3*p + 207 = u + 38, 0 = 5*p - 3*u + 275. Let c = -56 - -22. Let w = c - p. List the prime factors of w.
2, 3
Suppose 0 = 45*i - 25103 - 547. What are the prime factors of i?
2, 3, 5, 19
Suppose 5*x = 4*a - 29, -5*x - 10 - 12 = 3*a. List the prime factors of ((-26)/(-8)*a)/(1/36).
3, 13
Suppose -3*w = -3*k + 351, 8*w - 3*w = 15. Suppose 0 = -3*v + k + 186. List the prime factors of v.
2, 3, 17
Suppose -1836 = -2*q + 818. List the prime factors of q.
1327
Let z be -2 + 0 - (-4 + -4). Suppose z*k - 3*k - 149 = 4*n, 5*k = -5*n + 260. What are the prime factors of k?
3, 17
Let z be (-83)/(-9) + 4/(-18). List the prime factors of (-4 - z)/(-1) + -3.
2, 5
List the prime factors of 10*12/15 + 1957 + 2.
7, 281
Let t(s) = -s**3 - 7*s**2 + s + 9. Let x = 9 + -16. Let u be t(x). Suppose 5*r = -u*h - h + 20, r + 5*h + 18 = 0. List the prime factors of r.
7
Let z be -4*((-45)/(-50))/((-6)/(-5)). What are the prime factors of (-11)/(z - (-25)/10)?
2, 11
Let r(i) = -3*i**3 + 28*i**2 + 5*i - 10. List the prime factors of r(5).
2, 5, 17
Suppose -3*z - 5*y + 208 + 224 = 0, -2*y = -3*z + 411. What are the prime factors of z?
139
Let q be 0/(-2 + 20/4). List the prime factors of 75 + q*(1 + -4)/(-6).
3, 5
Let y(p) = p**3 - 37*p**2 - 47*p - 168. What are the prime factors of y(39)?
3, 347
Let x = 853 - 65. What are the prime factors of x?
2, 197
Let v be (-2)/12 - (-25)/6. Let s(r) = -r - 10. Let w be s(-7). What are the prime factors of (-27)/v*12/w?
3
Let j(b) = -4*b - 34. Let v be j(-9). Suppose -v*o + 3*o = 3, 0 = 3*h - 2*o - 360. What are the prime factors of h?
2, 61
Let h = -31 + 31. Suppose h*u - 8*u = -24. What are the prime factors of u?
3
Let x(b) = 16*b**2 - 16*b - 126. List the prime factors of x(-9).
2, 3, 73
Suppose 46710 = 7*r + 4717. What are the prime factors of r?
7, 857
Suppose 1 = -r, -10 = -0*i + 5*i + 5*r. List the prime factors of ((-20)/(-15))/((2/(-327))/i).
2, 109
Let l(t) = -242*t - 38. Let z be l(-7). Suppose -2*f = -3*d + 8*d - z, -5*f = -15. What are the prime factors of d?
2, 3, 5, 11
Suppose 3*y + 736 = 2758. List the prime factors of y.
2, 337
Suppose 33 = k - 5*w + 23, 2*k + 2*w + 4 = 0. Let h = 130 + -74. Suppose k = 4*o - 5*o + h. List the prime factors of o.
2, 7
Let c(n) = 6*n**3 - 2*n**2 + 3*n - 4. Let z be c(3). Let j = z - -1. Suppose -5*a = -0*l + 2*l - 60, -j = -5*l - 3*a. What are the prime factors of l?
2, 3, 5
Let h(z) = 11*z**2 - 4*z + 29. List the prime factors of h(7).
2, 3, 5
Let t(p) = p**2 - 38*p + 12. List the prime factors of t(-13).
3, 5
Let n = 38 + -23. Suppose -11*p + n*p = 84. List the prime factors of p.
3, 7
Let x(w) = w**3 - 13*w**2 + 13*w - 17. Let v(h) = h**3 - 14*h**2 + 14*h - 17. Let b(k) = -5*v(k) + 6*x(k). List the prime factors of b(9).
2, 17
Let v(p) = 193*p**2 + 1. Let i be v(-1). What are the prime factors of 1/2 + i/4?
7
Let x(d) = 26*d**2 + d. List the prime factors of x(2).
2, 53
Let z(s) = -s**3 + 3*s**2 + 5*s - 4. Let m be z(4). Let b(i) = i**3 + i**2 - i + 26. What are the prime factors of b(m)?
2, 13
Let m(h) = -19*h - 35. Let c be m(-5). Let k = 88 - c. What are the prime factors of k?
2, 7
Let y = 22 + -17. Let g be 24/30 + (-144)/y. List the prime factors of (-4)/g + 69/7.
2, 5
Suppose -48*o - 83480 = -68*o. What are the prime factors of o?
2, 2087
Let u(g) = g**2 + 5*g - 7. Let h be u(-6). List the prime factors of 0 - (1 + h + -7).
7
Let h(l) = l**2 + 2*l + 3. Let d be h(0). Suppose 0 = -3*i - i - d*j + 117, -5*i - 5*j + 145 = 0. What are the prime factors of i?
2, 3, 5
Suppose -5*r + 1 = 2*w + w, -3*r - 3 = 0. Suppose w*c = -5*f + 131, c = -2*f - f + 65. What are the prime factors of c?
2, 17
Let s = 2699 - 1833. List the prime factors of s.
2, 433
Let u(k) = -k**3 + 15*k**2 + k - 14. Let d be u(7). Suppose 3*a + 5*z - d - 149 = 0, 176 = a + z. List the prime factors of a.
173
Let b = 13 + -10. Let j be ((3 - 5) + b)/(-1). What are the prime factors of -1*(0 + 23)*j?
23
Let d(z) be the third derivative of z**5/60 + 11*z**4/24 - 49*z**3/6 - 29*z**2. List the prime factors of d(9).
131
Let o = 295 - 25. What are the prime factors of o?
2, 3, 5
Suppose -54*i - 71896 + 217642 = 0. List the prime factors of i.
2699
What are th